{"id":1425,"date":"2024-10-04T14:35:39","date_gmt":"2024-10-04T12:35:39","guid":{"rendered":"https:\/\/arquitectospain.com\/?page_id=1425"},"modified":"2025-05-13T13:55:32","modified_gmt":"2025-05-13T11:55:32","slug":"exposiciones-arquitecto-spain-raul-salgado","status":"publish","type":"page","link":"https:\/\/arquitectospain.com\/index.php\/exposiciones-arquitecto-spain-raul-salgado\/","title":{"rendered":"Exposiciones Arquitecto Spain Ra\u00fal Salgado"},"content":{"rendered":"\n[et_pb_section fb_built=\u00bb1&#8243; _builder_version=\u00bb4.27.0&#8243; _module_preset=\u00bbdefault\u00bb custom_padding=\u00bb9px|||||\u00bb global_colors_info=\u00bb{}\u00bb][et_pb_row column_structure=\u00bb1_3,1_3,1_3&#8243; _builder_version=\u00bb4.27.0&#8243; _module_preset=\u00bbdefault\u00bb width=\u00bbauto\u00bb custom_padding=\u00bb|15px||15px|false|false\u00bb global_colors_info=\u00bb{}\u00bb][et_pb_column type=\u00bb1_3&#8243; _builder_version=\u00bb4.27.0&#8243; _module_preset=\u00bbdefault\u00bb global_colors_info=\u00bb{}\u00bb][et_pb_image src=\u00bbhttps:\/\/arquitectospain.com\/wp-content\/uploads\/2024\/10\/1-1.jpg\u00bb title_text=\u00bb1&#8243; url=\u00bbhttps:\/\/arquitectospain.com\/wp-content\/uploads\/2024\/10\/01-Nove-Mesto-Czech-Republic.jpg\u00bb _builder_version=\u00bb4.27.0&#8243; _module_preset=\u00bbdefault\u00bb background_enable_image=\u00bboff\u00bb width=\u00bb100%\u00bb custom_padding=\u00bb|4px|0px|||\u00bb global_colors_info=\u00bb{}\u00bb][\/et_pb_image][et_pb_text _builder_version=\u00bb4.27.0&#8243; _module_preset=\u00bbdefault\u00bb global_colors_info=\u00bb{}\u00bb]<p><strong><b>01<\/b><\/strong> &#8211; Proyecto seleccionado para la exposici\u00f3n \u201cConcurso de Arquitectura Kino 70 Kulturni Centrum. Proyectos premiados\u201d Kino 70 Kulturni Centrum. Nov\u00e9 M\u011bsto, Rep\u00fablica Checa. febrero 2023.<\/p>[\/et_pb_text][\/et_pb_column][et_pb_column type=\u00bb1_3&#8243; _builder_version=\u00bb4.27.0&#8243; _module_preset=\u00bbdefault\u00bb global_colors_info=\u00bb{}\u00bb][et_pb_image src=\u00bbhttps:\/\/arquitectospain.com\/wp-content\/uploads\/2024\/10\/2-1.jpg\u00bb title_text=\u00bb2&#8243; url=\u00bbhttps:\/\/arquitectospain.com\/wp-content\/uploads\/2024\/10\/02-Dublin.-Ireland-1.jpg\u00bb _builder_version=\u00bb4.27.0&#8243; _module_preset=\u00bbdefault\u00bb global_colors_info=\u00bb{}\u00bb][\/et_pb_image][et_pb_text _builder_version=\u00bb4.27.0&#8243; _module_preset=\u00bbdefault\u00bb global_colors_info=\u00bb{}\u00bb]<p><strong><b>02<\/b><\/strong>\u00a0&#8211; Proyecto seleccionado para la exposici\u00f3n \u201cConcurso de Ideas Centre Pier Galway Harbour. Proyectos premiados\u201d Dark Space. Dubl\u00edn, Irlanda. febrero \u2013 marzo 2010<\/p>\n<p>.<\/p>[\/et_pb_text][\/et_pb_column][et_pb_column type=\u00bb1_3&#8243; _builder_version=\u00bb4.27.0&#8243; _module_preset=\u00bbdefault\u00bb global_colors_info=\u00bb{}\u00bb][et_pb_image src=\u00bbhttps:\/\/arquitectospain.com\/wp-content\/uploads\/2024\/10\/3-1.jpg\u00bb title_text=\u00bb3&#8243; url=\u00bbhttps:\/\/arquitectospain.com\/wp-content\/uploads\/2024\/10\/03-Lima-Peru.jpg\u00bb _builder_version=\u00bb4.27.0&#8243; _module_preset=\u00bbdefault\u00bb global_colors_info=\u00bb{}\u00bb][\/et_pb_image][et_pb_text _builder_version=\u00bb4.27.0&#8243; _module_preset=\u00bbdefault\u00bb global_colors_info=\u00bb{}\u00bb]<p><strong><b>03<\/b><\/strong> &#8211; Proyecto seleccionado para la exposici\u00f3n \u201cConcurso de Arquitectura. Green 360. Proyectos premiados. Caf\u00e9 del Mar. Lima, Per\u00fa. enero 2010.<\/p>\n<p>.<\/p>[\/et_pb_text][\/et_pb_column][\/et_pb_row][et_pb_row column_structure=\u00bb1_3,1_3,1_3&#8243; _builder_version=\u00bb4.27.0&#8243; _module_preset=\u00bbdefault\u00bb width=\u00bbauto\u00bb custom_padding=\u00bb|15px||15px|false|false\u00bb global_colors_info=\u00bb{}\u00bb][et_pb_column type=\u00bb1_3&#8243; _builder_version=\u00bb4.27.0&#8243; _module_preset=\u00bbdefault\u00bb global_colors_info=\u00bb{}\u00bb][et_pb_image src=\u00bbhttps:\/\/arquitectospain.com\/wp-content\/uploads\/2024\/10\/5-1.jpg\u00bb title_text=\u00bb5&#8243; url=\u00bbhttps:\/\/arquitectospain.com\/wp-content\/uploads\/2024\/10\/04-Caracas.-Venezuela.jpg\u00bb _builder_version=\u00bb4.27.0&#8243; _module_preset=\u00bbdefault\u00bb global_colors_info=\u00bb{}\u00bb][\/et_pb_image][et_pb_text _builder_version=\u00bb4.27.0&#8243; _module_preset=\u00bbdefault\u00bb global_colors_info=\u00bb{}\u00bb]<p><strong><b>04<\/b><\/strong> &#8211; Proyecto Seleccionado para la exposici\u00f3n \u201cExposici\u00f3n Nuevo Urbanismo\u201d Palacio de Gobernaci\u00f3n. Caracas, Venezuela. junio de 1996.<\/p>\n<p>.<\/p>\n<p>.<\/p>[\/et_pb_text][\/et_pb_column][et_pb_column type=\u00bb1_3&#8243; _builder_version=\u00bb4.27.0&#8243; _module_preset=\u00bbdefault\u00bb global_colors_info=\u00bb{}\u00bb][et_pb_image src=\u00bbhttps:\/\/arquitectospain.com\/wp-content\/uploads\/2024\/10\/4-1.jpg\u00bb title_text=\u00bb4&#8243; url=\u00bbhttps:\/\/arquitectospain.com\/wp-content\/uploads\/2024\/10\/05-Columbia-University.-NYC.jpg\u00bb _builder_version=\u00bb4.27.0&#8243; _module_preset=\u00bbdefault\u00bb global_colors_info=\u00bb{}\u00bb][\/et_pb_image][et_pb_text _builder_version=\u00bb4.27.0&#8243; _module_preset=\u00bbdefault\u00bb global_colors_info=\u00bb{}\u00bb]<p><strong><b>05<\/b><\/strong> &#8211; Proyecto Seleccionado para la exposici\u00f3n \u201cExposici\u00f3n de Fin de A\u00f1o.\u201d Universidad de Colombia. Nueva York, NY. mayo de 1996.<\/p>[\/et_pb_text][\/et_pb_column][et_pb_column type=\u00bb1_3&#8243; _builder_version=\u00bb4.27.0&#8243; _module_preset=\u00bbdefault\u00bb global_colors_info=\u00bb{}\u00bb][et_pb_image src=\u00bbhttps:\/\/arquitectospain.com\/wp-content\/uploads\/2024\/10\/6-1.jpg\u00bb title_text=\u00bb6&#8243; url=\u00bbhttps:\/\/arquitectospain.com\/wp-content\/uploads\/2024\/10\/06-Surrogate-Court.-NYC.jpg\u00bb _builder_version=\u00bb4.27.0&#8243; _module_preset=\u00bbdefault\u00bb global_colors_info=\u00bb{}\u00bb][\/et_pb_image][et_pb_text _builder_version=\u00bb4.27.0&#8243; _module_preset=\u00bbdefault\u00bb global_colors_info=\u00bb{}\u00bb]<p><strong><b>06<\/b><\/strong> &#8211; Proyecto seleccionado para la exposici\u00f3n \u201cPropuesta de dise\u00f1o para el malec\u00f3n del r\u00edo este de Manhattan\u201d\u00a0Surrogate Court. Nueva York, NY. mayo de 1994.<\/p>[\/et_pb_text][\/et_pb_column][\/et_pb_row][\/et_pb_section][et_pb_section fb_built=\u00bb1&#8243; admin_label=\u00bbFooter\u00bb _builder_version=\u00bb4.21.0&#8243; _module_preset=\u00bbdefault\u00bb background_color=\u00bb#000000&#8243; custom_padding=\u00bb14px||5px|||\u00bb global_module=\u00bb270&#8243; saved_tabs=\u00bball\u00bb collapsed=\u00bbon\u00bb global_colors_info=\u00bb{}\u00bb][et_pb_row column_structure=\u00bb3_5,1_5,1_5&#8243; _builder_version=\u00bb4.19.1&#8243; _module_preset=\u00bbdefault\u00bb custom_padding=\u00bb||7px|||\u00bb global_colors_info=\u00bb{}\u00bb][et_pb_column type=\u00bb3_5&#8243; _builder_version=\u00bb4.19.1&#8243; _module_preset=\u00bbdefault\u00bb global_colors_info=\u00bb{}\u00bb][et_pb_text _builder_version=\u00bb4.25.2&#8243; _module_preset=\u00bbee4c6435-13af-4488-b765-2d22df63b134&#8243; header_3_font=\u00bb|300|||||||\u00bb header_3_text_color=\u00bb#FFFFFF\u00bb custom_margin=\u00bb||0px||false|false\u00bb global_colors_info=\u00bb{}\u00bb]<h3>Arquitecto Spain<\/h3>[\/et_pb_text][et_pb_text _builder_version=\u00bb4.25.2&#8243; _module_preset=\u00bb9351de7a-51eb-4b00-a9a5-75b91fe38c73&#8243; text_font=\u00bb|300|||||||\u00bb text_text_color=\u00bb#FFFFFF\u00bb header_font=\u00bb|300|||||||\u00bb global_colors_info=\u00bb{}\u00bb]<p><span>Ofrecemos servicios completos de dise\u00f1o arquitect\u00f3nico y gesti\u00f3n de proyectos desde el concepto inicial hasta la finalizaci\u00f3n de la construcci\u00f3n.\u00a0<\/span><\/p>[\/et_pb_text][\/et_pb_column][et_pb_column type=\u00bb1_5&#8243; _builder_version=\u00bb4.19.1&#8243; _module_preset=\u00bbdefault\u00bb global_colors_info=\u00bb{}\u00bb][et_pb_blurb title=\u00bbinfo@salgadoarchitect.com\u00bb use_icon=\u00bbon\u00bb font_icon=\u00bb&#xe076;||divi||400&#8243; icon_color=\u00bb#FFFFFF\u00bb icon_placement=\u00bbleft\u00bb image_icon_width=\u00bb20px\u00bb _builder_version=\u00bb4.25.2&#8243; _module_preset=\u00bbdefault\u00bb header_font=\u00bb|300|||||||\u00bb header_text_color=\u00bb#FFFFFF\u00bb header_font_size=\u00bb15px\u00bb custom_margin=\u00bb14px||12px|-14px||\u00bb custom_margin_tablet=\u00bb\u00bb custom_margin_phone=\u00bb10px||10px|3px|false|false\u00bb custom_margin_last_edited=\u00bbon|phone\u00bb global_colors_info=\u00bb{}\u00bb][\/et_pb_blurb][et_pb_blurb title=\u00bb620 070 182&#8243; use_icon=\u00bbon\u00bb font_icon=\u00bb&#xe090;||divi||400&#8243; icon_color=\u00bb#FFFFFF\u00bb icon_placement=\u00bbleft\u00bb image_icon_width=\u00bb20px\u00bb _builder_version=\u00bb4.25.2&#8243; _module_preset=\u00bbdefault\u00bb header_font=\u00bb|300|||||||\u00bb header_text_color=\u00bb#FFFFFF\u00bb header_font_size=\u00bb16px\u00bb custom_margin=\u00bb|||0px|false|false\u00bb global_colors_info=\u00bb{}\u00bb][\/et_pb_blurb][\/et_pb_column][et_pb_column type=\u00bb1_5&#8243; _builder_version=\u00bb4.19.1&#8243; _module_preset=\u00bbdefault\u00bb global_colors_info=\u00bb{}\u00bb][et_pb_image src=\u00bbhttps:\/\/arquitectospain.com\/wp-content\/uploads\/2024\/02\/ES-Financiado-por-la-Uni\u0e02n-Europea_WHITE-Outline.png\u00bb title_text=\u00bbES Financiado por la Uni\u0e02n Europea_WHITE Outline\u00bb force_fullwidth=\u00bbon\u00bb _builder_version=\u00bb4.25.2&#8243; _module_preset=\u00bbdefault\u00bb custom_margin=\u00bb||20px|||\u00bb global_colors_info=\u00bb{}\u00bb][\/et_pb_image][et_pb_image src=\u00bbhttps:\/\/arquitectospain.com\/wp-content\/uploads\/2024\/02\/LOGO-NEGATIVO.png\u00bb title_text=\u00bbLOGO NEGATIVO\u00bb force_fullwidth=\u00bbon\u00bb _builder_version=\u00bb4.25.2&#8243; _module_preset=\u00bbdefault\u00bb global_colors_info=\u00bb{}\u00bb][\/et_pb_image][\/et_pb_column][\/et_pb_row][\/et_pb_section]\n","protected":false},"excerpt":{"rendered":"<p>01 &#8211; Proyecto seleccionado para la exposici\u00f3n \u201cConcurso de Arquitectura Kino 70 Kulturni Centrum. Proyectos premiados\u201d Kino 70 Kulturni Centrum. Nov\u00e9 M\u011bsto, Rep\u00fablica Checa. febrero 2023.02\u00a0&#8211; Proyecto seleccionado para la exposici\u00f3n \u201cConcurso de Ideas Centre Pier Galway Harbour. Proyectos premiados\u201d Dark Space. Dubl\u00edn, Irlanda. febrero \u2013 marzo 2010 .03 &#8211; Proyecto seleccionado para la exposici\u00f3n [&hellip;]<\/p>\n","protected":false},"author":1,"featured_media":0,"parent":0,"menu_order":0,"comment_status":"closed","ping_status":"closed","template":"","meta":{"_et_pb_use_builder":"on","_et_pb_old_content":"","_et_gb_content_width":"","footnotes":""},"class_list":["post-1425","page","type-page","status-publish","hentry"],"yoast_head":"<!-- This site is optimized with the Yoast SEO plugin v27.4 - https:\/\/yoast.com\/product\/yoast-seo-wordpress\/ -->\n<title>Proyectos arquitect\u00f3nicos seleccionados en distintas exposiciones<\/title>\n<meta name=\"description\" content=\"Proyectos arquitect\u00f3nicos seleccionados en distintas exposiciones internacionales por parte de Ra\u00fal Guti\u00e9rrez Salgado\" \/>\n<meta name=\"robots\" content=\"index, follow, max-snippet:-1, max-image-preview:large, max-video-preview:-1\" \/>\n<link rel=\"canonical\" href=\"https:\/\/arquitectospain.com\/index.php\/exposiciones-arquitecto-spain-raul-salgado\/\" \/>\n<meta property=\"og:locale\" content=\"es_ES\" \/>\n<meta property=\"og:type\" content=\"article\" \/>\n<meta property=\"og:title\" content=\"Proyectos arquitect\u00f3nicos seleccionados en distintas exposiciones\" \/>\n<meta property=\"og:description\" content=\"Proyectos arquitect\u00f3nicos seleccionados en distintas exposiciones internacionales por parte de Ra\u00fal Guti\u00e9rrez Salgado\" \/>\n<meta property=\"og:url\" content=\"https:\/\/arquitectospain.com\/index.php\/exposiciones-arquitecto-spain-raul-salgado\/\" \/>\n<meta property=\"og:site_name\" content=\"Arquitecto Spain\" \/>\n<meta property=\"article:modified_time\" content=\"2025-05-13T11:55:32+00:00\" \/>\n<meta name=\"twitter:card\" content=\"summary_large_image\" \/>\n<meta name=\"twitter:label1\" content=\"Tiempo de lectura\" \/>\n\t<meta name=\"twitter:data1\" content=\"3 minutos\" \/>\n<script type=\"application\/ld+json\" class=\"yoast-schema-graph\">{\"@context\":\"https:\\\/\\\/schema.org\",\"@graph\":[{\"@type\":\"WebPage\",\"@id\":\"https:\\\/\\\/arquitectospain.com\\\/index.php\\\/exposiciones-arquitecto-spain-raul-salgado\\\/\",\"url\":\"https:\\\/\\\/arquitectospain.com\\\/index.php\\\/exposiciones-arquitecto-spain-raul-salgado\\\/\",\"name\":\"Proyectos arquitect\u00f3nicos seleccionados en distintas exposiciones\",\"isPartOf\":{\"@id\":\"https:\\\/\\\/arquitectospain.com\\\/#website\"},\"datePublished\":\"2024-10-04T12:35:39+00:00\",\"dateModified\":\"2025-05-13T11:55:32+00:00\",\"description\":\"Proyectos arquitect\u00f3nicos seleccionados en distintas exposiciones internacionales por parte de Ra\u00fal Guti\u00e9rrez Salgado\",\"breadcrumb\":{\"@id\":\"https:\\\/\\\/arquitectospain.com\\\/index.php\\\/exposiciones-arquitecto-spain-raul-salgado\\\/#breadcrumb\"},\"inLanguage\":\"es\",\"potentialAction\":[{\"@type\":\"ReadAction\",\"target\":[\"https:\\\/\\\/arquitectospain.com\\\/index.php\\\/exposiciones-arquitecto-spain-raul-salgado\\\/\"]}]},{\"@type\":\"BreadcrumbList\",\"@id\":\"https:\\\/\\\/arquitectospain.com\\\/index.php\\\/exposiciones-arquitecto-spain-raul-salgado\\\/#breadcrumb\",\"itemListElement\":[{\"@type\":\"ListItem\",\"position\":1,\"name\":\"Portada\",\"item\":\"https:\\\/\\\/arquitectospain.com\\\/\"},{\"@type\":\"ListItem\",\"position\":2,\"name\":\"Exposiciones Arquitecto Spain Ra\u00fal Salgado\"}]},{\"@type\":\"WebSite\",\"@id\":\"https:\\\/\\\/arquitectospain.com\\\/#website\",\"url\":\"https:\\\/\\\/arquitectospain.com\\\/\",\"name\":\"Arquitecto Spain\",\"description\":\"Arquitecto Ra\u00fal G. Salgado\",\"potentialAction\":[{\"@type\":\"SearchAction\",\"target\":{\"@type\":\"EntryPoint\",\"urlTemplate\":\"https:\\\/\\\/arquitectospain.com\\\/?s={search_term_string}\"},\"query-input\":{\"@type\":\"PropertyValueSpecification\",\"valueRequired\":true,\"valueName\":\"search_term_string\"}}],\"inLanguage\":\"es\"}]}<\/script>\n<!-- \/ Yoast SEO plugin. -->","yoast_head_json":{"title":"Proyectos arquitect\u00f3nicos seleccionados en distintas exposiciones","description":"Proyectos arquitect\u00f3nicos seleccionados en distintas exposiciones internacionales por parte de Ra\u00fal Guti\u00e9rrez Salgado","robots":{"index":"index","follow":"follow","max-snippet":"max-snippet:-1","max-image-preview":"max-image-preview:large","max-video-preview":"max-video-preview:-1"},"canonical":"https:\/\/arquitectospain.com\/index.php\/exposiciones-arquitecto-spain-raul-salgado\/","og_locale":"es_ES","og_type":"article","og_title":"Proyectos arquitect\u00f3nicos seleccionados en distintas exposiciones","og_description":"Proyectos arquitect\u00f3nicos seleccionados en distintas exposiciones internacionales por parte de Ra\u00fal Guti\u00e9rrez Salgado","og_url":"https:\/\/arquitectospain.com\/index.php\/exposiciones-arquitecto-spain-raul-salgado\/","og_site_name":"Arquitecto Spain","article_modified_time":"2025-05-13T11:55:32+00:00","twitter_card":"summary_large_image","twitter_misc":{"Tiempo de lectura":"3 minutos"},"schema":{"@context":"https:\/\/schema.org","@graph":[{"@type":"WebPage","@id":"https:\/\/arquitectospain.com\/index.php\/exposiciones-arquitecto-spain-raul-salgado\/","url":"https:\/\/arquitectospain.com\/index.php\/exposiciones-arquitecto-spain-raul-salgado\/","name":"Proyectos arquitect\u00f3nicos seleccionados en distintas exposiciones","isPartOf":{"@id":"https:\/\/arquitectospain.com\/#website"},"datePublished":"2024-10-04T12:35:39+00:00","dateModified":"2025-05-13T11:55:32+00:00","description":"Proyectos arquitect\u00f3nicos seleccionados en distintas exposiciones internacionales por parte de Ra\u00fal Guti\u00e9rrez Salgado","breadcrumb":{"@id":"https:\/\/arquitectospain.com\/index.php\/exposiciones-arquitecto-spain-raul-salgado\/#breadcrumb"},"inLanguage":"es","potentialAction":[{"@type":"ReadAction","target":["https:\/\/arquitectospain.com\/index.php\/exposiciones-arquitecto-spain-raul-salgado\/"]}]},{"@type":"BreadcrumbList","@id":"https:\/\/arquitectospain.com\/index.php\/exposiciones-arquitecto-spain-raul-salgado\/#breadcrumb","itemListElement":[{"@type":"ListItem","position":1,"name":"Portada","item":"https:\/\/arquitectospain.com\/"},{"@type":"ListItem","position":2,"name":"Exposiciones Arquitecto Spain Ra\u00fal Salgado"}]},{"@type":"WebSite","@id":"https:\/\/arquitectospain.com\/#website","url":"https:\/\/arquitectospain.com\/","name":"Arquitecto Spain","description":"Arquitecto Ra\u00fal G. Salgado","potentialAction":[{"@type":"SearchAction","target":{"@type":"EntryPoint","urlTemplate":"https:\/\/arquitectospain.com\/?s={search_term_string}"},"query-input":{"@type":"PropertyValueSpecification","valueRequired":true,"valueName":"search_term_string"}}],"inLanguage":"es"}]}},"_links":{"self":[{"href":"https:\/\/arquitectospain.com\/index.php\/wp-json\/wp\/v2\/pages\/1425","targetHints":{"allow":["GET"]}}],"collection":[{"href":"https:\/\/arquitectospain.com\/index.php\/wp-json\/wp\/v2\/pages"}],"about":[{"href":"https:\/\/arquitectospain.com\/index.php\/wp-json\/wp\/v2\/types\/page"}],"author":[{"embeddable":true,"href":"https:\/\/arquitectospain.com\/index.php\/wp-json\/wp\/v2\/users\/1"}],"replies":[{"embeddable":true,"href":"https:\/\/arquitectospain.com\/index.php\/wp-json\/wp\/v2\/comments?post=1425"}],"version-history":[{"count":15,"href":"https:\/\/arquitectospain.com\/index.php\/wp-json\/wp\/v2\/pages\/1425\/revisions"}],"predecessor-version":[{"id":1978,"href":"https:\/\/arquitectospain.com\/index.php\/wp-json\/wp\/v2\/pages\/1425\/revisions\/1978"}],"wp:attachment":[{"href":"https:\/\/arquitectospain.com\/index.php\/wp-json\/wp\/v2\/media?parent=1425"}],"curies":[{"name":"wp","href":"https:\/\/api.w.org\/{rel}","templated":true}]}}