{"id":1456,"date":"2024-10-07T11:41:04","date_gmt":"2024-10-07T09:41:04","guid":{"rendered":"https:\/\/arquitectospain.com\/?page_id=1456"},"modified":"2025-05-13T14:03:25","modified_gmt":"2025-05-13T12:03:25","slug":"experiencia-docente","status":"publish","type":"page","link":"https:\/\/arquitectospain.com\/index.php\/experiencia-docente\/","title":{"rendered":"Experiencia Docente"},"content":{"rendered":"\n[et_pb_section fb_built=\u00bb1&#8243; _builder_version=\u00bb4.27.0&#8243; _module_preset=\u00bbdefault\u00bb custom_padding=\u00bb12px|||||\u00bb global_colors_info=\u00bb{}\u00bb][et_pb_row _builder_version=\u00bb4.27.0&#8243; _module_preset=\u00bbdefault\u00bb global_colors_info=\u00bb{}\u00bb][et_pb_column type=\u00bb4_4&#8243; _builder_version=\u00bb4.27.0&#8243; _module_preset=\u00bbdefault\u00bb global_colors_info=\u00bb{}\u00bb][et_pb_heading title=\u00bbExperiencia Acad\u00e9mica Internacional en Arquitectura\u00bb _builder_version=\u00bb4.27.0&#8243; _module_preset=\u00bbdefault\u00bb border_width_bottom=\u00bb1px\u00bb global_colors_info=\u00bb{}\u00bb][\/et_pb_heading][\/et_pb_column][\/et_pb_row][et_pb_row _builder_version=\u00bb4.27.0&#8243; _module_preset=\u00bbdefault\u00bb global_colors_info=\u00bb{}\u00bb][et_pb_column type=\u00bb4_4&#8243; _builder_version=\u00bb4.27.0&#8243; _module_preset=\u00bbdefault\u00bb global_colors_info=\u00bb{}\u00bb][et_pb_text _builder_version=\u00bb4.27.0&#8243; _module_preset=\u00bbdefault\u00bb global_colors_info=\u00bb{}\u00bb]<p>A lo largo de mi carrera, he tenido el privilegio de ense\u00f1ar en dos de las instituciones m\u00e1s prestigiosas en el \u00e1mbito de la arquitectura: el <strong><b>New York Institute of Technology (NYIT)<\/b><\/strong>\u00a0y el <strong><b>Dublin Institute of Technology (DIT)<\/b><\/strong>. Ambas escuelas son reconocidas por sus enfoques \u00fanicos y vanguardistas, pero operan en contextos acad\u00e9micos y geogr\u00e1ficos distintos, lo que ha enriquecido mi experiencia y perspectiva como docente y profesional.<\/p>[\/et_pb_text][et_pb_text _builder_version=\u00bb4.27.0&#8243; _module_preset=\u00bbdefault\u00bb global_colors_info=\u00bb{}\u00bb]<p><a href=\"https:\/\/arquitectospain.com\/wp-content\/uploads\/2024\/10\/DOC-N-10-TEACHING-NYIT-ENGLISH-scaled.jpg\" target=\"_blank\" rel=\"noopener\"><strong><b>NYIT (New York Institute of Technology)<\/b><\/strong><\/a><\/p>\n<p>La <strong><b>Escuela de Arquitectura y Dise\u00f1o del NYIT<\/b><\/strong>\u00a0se destaca por su formaci\u00f3n en dise\u00f1o, construcci\u00f3n y tecnolog\u00edas emergentes, con un enfoque pr\u00e1ctico y multidisciplinario. Durante los <strong><b>tres a\u00f1os<\/b><\/strong>\u00a0que ense\u00f1\u00e9 en esta instituci\u00f3n, fui profesor de <strong><b>proyectos de arquitectura en primer a\u00f1o<\/b><\/strong>, guiando a los estudiantes en el desarrollo de los fundamentos del dise\u00f1o arquitect\u00f3nico. En esta instituci\u00f3n han impartido clases figuras destacadas de la arquitectura, como <strong><b>Alberto Campo Baeza<\/b><\/strong>, lo que subraya el alto nivel acad\u00e9mico y profesional del NYIT. La ubicaci\u00f3n en Nueva York, una de las capitales mundiales del dise\u00f1o arquitect\u00f3nico, ofrece una experiencia educativa inmersiva en el contexto urbano, lo que permite a los estudiantes aplicar sus aprendizajes en uno de los entornos m\u00e1s din\u00e1micos del mundo.<\/p>\n<p>El <strong><b>NYIT<\/b><\/strong>\u00a0fomenta una mentalidad global, preparando a sus egresados para liderar con un enfoque en la sostenibilidad y la tecnolog\u00eda aplicada al impacto social. Ser profesor en una universidad de este nivel no solo respalda mi credibilidad profesional, sino que tambi\u00e9n me ha permitido formar parte de un equipo de arquitectos de reconocido prestigio internacional.<\/p>[\/et_pb_text][et_pb_text _builder_version=\u00bb4.27.0&#8243; _module_preset=\u00bbdefault\u00bb global_colors_info=\u00bb{}\u00bb]<p><a href=\"https:\/\/arquitectospain.com\/wp-content\/uploads\/2024\/10\/DOC-N-10-TEACHING-DIT-ENGLISH-scaled.jpg\" target=\"_blank\" rel=\"noopener\"><strong><b>DIT (Dublin Institute of Technology)<\/b><\/strong><\/a><\/p>\n<p>En la <strong><b>Escuela de Arquitectura del DIT<\/b><\/strong>, ubicada en Bolton Street, ense\u00f1\u00e9 durante <strong><b>seis a\u00f1os<\/b><\/strong>\u00a0como profesor de <strong><b>proyectos de arquitectura en cuarto a\u00f1o<\/b><\/strong>\u00a0y fui profesor de tesis en <strong><b>quinto a\u00f1o<\/b><\/strong>. En el DIT colabore con <strong><b>Glenn Murcutt<\/b><\/strong>, ganador del Premio Pritzker. Durante un a\u00f1o, compartimos estudio, ense\u00f1ando a los estudiantes de cuarto a\u00f1o y trabajando en conjunto para fusionar principios de dise\u00f1o minimalista y sostenible en los proyectos de los alumnos.<\/p>\n<p>La <strong><b>Escuela de Arquitectura del DIT<\/b><\/strong>\u00a0es uno de los centros m\u00e1s importantes de Irlanda y se destaca por su enfoque en la relaci\u00f3n entre la arquitectura y las comunidades. Los estudiantes del DIT no solo desarrollan habilidades t\u00e9cnicas, sino que tambi\u00e9n exploran c\u00f3mo el dise\u00f1o puede impactar positivamente en el entorno social y cultural de las ciudades.<\/p>[\/et_pb_text][et_pb_text _builder_version=\u00bb4.27.0&#8243; _module_preset=\u00bbdefault\u00bb global_colors_info=\u00bb{}\u00bb]<p><strong><b>Relevancia de estas experiencias<\/b><\/strong><\/p>\n<p>Obtener puestos de trabajo en instituciones de renombre como el <strong><b>NYIT<\/b><\/strong>\u00a0y el <strong><b>DIT<\/b><\/strong>\u00a0es altamente competitivo ya que estas universidades atraen a candidatos de todo el mundo, lo que eleva el nivel de competencia. Requieren no solo una s\u00f3lida formaci\u00f3n acad\u00e9mica, sino tambi\u00e9n una carrera profesional destacada, con proyectos relevantes y publicaciones que refuercen el perfil del docente.<\/p>[\/et_pb_text][\/et_pb_column][\/et_pb_row][et_pb_row column_structure=\u00bb1_5,1_5,1_5,1_5,1_5&#8243; _builder_version=\u00bb4.27.0&#8243; _module_preset=\u00bbdefault\u00bb global_colors_info=\u00bb{}\u00bb][et_pb_column type=\u00bb1_5&#8243; _builder_version=\u00bb4.27.0&#8243; _module_preset=\u00bbdefault\u00bb global_colors_info=\u00bb{}\u00bb][et_pb_image src=\u00bbhttps:\/\/arquitectospain.com\/wp-content\/uploads\/2024\/10\/Glen-Murcutt-12-scaled.jpg\u00bb title_text=\u00bbGlen Murcutt 12&#8243; show_in_lightbox=\u00bbon\u00bb _builder_version=\u00bb4.27.0&#8243; _module_preset=\u00bbdefault\u00bb global_colors_info=\u00bb{}\u00bb][\/et_pb_image][\/et_pb_column][et_pb_column type=\u00bb1_5&#8243; _builder_version=\u00bb4.27.0&#8243; _module_preset=\u00bbdefault\u00bb global_colors_info=\u00bb{}\u00bb][et_pb_image src=\u00bbhttps:\/\/arquitectospain.com\/wp-content\/uploads\/2024\/10\/Glen-Murcutt-11-scaled.jpg\u00bb title_text=\u00bbGlen Murcutt 11&#8243; show_in_lightbox=\u00bbon\u00bb _builder_version=\u00bb4.27.0&#8243; _module_preset=\u00bbdefault\u00bb global_colors_info=\u00bb{}\u00bb][\/et_pb_image][\/et_pb_column][et_pb_column type=\u00bb1_5&#8243; _builder_version=\u00bb4.27.0&#8243; _module_preset=\u00bbdefault\u00bb global_colors_info=\u00bb{}\u00bb][et_pb_image src=\u00bbhttps:\/\/arquitectospain.com\/wp-content\/uploads\/2024\/10\/Glen-Murcutt-4-scaled.jpg\u00bb title_text=\u00bbGlen Murcutt 4&#8243; show_in_lightbox=\u00bbon\u00bb _builder_version=\u00bb4.27.0&#8243; _module_preset=\u00bbdefault\u00bb global_colors_info=\u00bb{}\u00bb][\/et_pb_image][\/et_pb_column][et_pb_column type=\u00bb1_5&#8243; _builder_version=\u00bb4.27.0&#8243; _module_preset=\u00bbdefault\u00bb global_colors_info=\u00bb{}\u00bb][et_pb_image src=\u00bbhttps:\/\/arquitectospain.com\/wp-content\/uploads\/2024\/10\/Glen-Murcutt-3-scaled.jpg\u00bb title_text=\u00bbGlen Murcutt 3&#8243; show_in_lightbox=\u00bbon\u00bb _builder_version=\u00bb4.27.0&#8243; _module_preset=\u00bbdefault\u00bb global_colors_info=\u00bb{}\u00bb][\/et_pb_image][\/et_pb_column][et_pb_column type=\u00bb1_5&#8243; _builder_version=\u00bb4.27.0&#8243; _module_preset=\u00bbdefault\u00bb global_colors_info=\u00bb{}\u00bb][et_pb_image src=\u00bbhttps:\/\/arquitectospain.com\/wp-content\/uploads\/2024\/10\/Glen-Murcutt-2-scaled.jpg\u00bb title_text=\u00bbGlen Murcutt 2&#8243; show_in_lightbox=\u00bbon\u00bb _builder_version=\u00bb4.27.0&#8243; _module_preset=\u00bbdefault\u00bb global_colors_info=\u00bb{}\u00bb][\/et_pb_image][\/et_pb_column][\/et_pb_row][\/et_pb_section][et_pb_section fb_built=\u00bb1&#8243; admin_label=\u00bbFooter\u00bb _builder_version=\u00bb4.21.0&#8243; _module_preset=\u00bbdefault\u00bb background_color=\u00bb#000000&#8243; custom_padding=\u00bb14px||5px|||\u00bb global_module=\u00bb270&#8243; saved_tabs=\u00bball\u00bb collapsed=\u00bbon\u00bb global_colors_info=\u00bb{}\u00bb][et_pb_row column_structure=\u00bb3_5,1_5,1_5&#8243; _builder_version=\u00bb4.19.1&#8243; _module_preset=\u00bbdefault\u00bb custom_padding=\u00bb||7px|||\u00bb global_colors_info=\u00bb{}\u00bb][et_pb_column type=\u00bb3_5&#8243; _builder_version=\u00bb4.19.1&#8243; _module_preset=\u00bbdefault\u00bb global_colors_info=\u00bb{}\u00bb][et_pb_text _builder_version=\u00bb4.25.2&#8243; _module_preset=\u00bbee4c6435-13af-4488-b765-2d22df63b134&#8243; header_3_font=\u00bb|300|||||||\u00bb header_3_text_color=\u00bb#FFFFFF\u00bb custom_margin=\u00bb||0px||false|false\u00bb global_colors_info=\u00bb{}\u00bb]<h3>Arquitecto Spain<\/h3>[\/et_pb_text][et_pb_text _builder_version=\u00bb4.25.2&#8243; _module_preset=\u00bb9351de7a-51eb-4b00-a9a5-75b91fe38c73&#8243; text_font=\u00bb|300|||||||\u00bb text_text_color=\u00bb#FFFFFF\u00bb header_font=\u00bb|300|||||||\u00bb global_colors_info=\u00bb{}\u00bb]<p><span>Ofrecemos servicios completos de dise\u00f1o arquitect\u00f3nico y gesti\u00f3n de proyectos desde el concepto inicial hasta la finalizaci\u00f3n de la construcci\u00f3n.\u00a0<\/span><\/p>[\/et_pb_text][\/et_pb_column][et_pb_column type=\u00bb1_5&#8243; _builder_version=\u00bb4.19.1&#8243; _module_preset=\u00bbdefault\u00bb global_colors_info=\u00bb{}\u00bb][et_pb_blurb title=\u00bbinfo@salgadoarchitect.com\u00bb use_icon=\u00bbon\u00bb font_icon=\u00bb&#xe076;||divi||400&#8243; icon_color=\u00bb#FFFFFF\u00bb icon_placement=\u00bbleft\u00bb image_icon_width=\u00bb20px\u00bb _builder_version=\u00bb4.25.2&#8243; _module_preset=\u00bbdefault\u00bb header_font=\u00bb|300|||||||\u00bb header_text_color=\u00bb#FFFFFF\u00bb header_font_size=\u00bb15px\u00bb custom_margin=\u00bb14px||12px|-14px||\u00bb custom_margin_tablet=\u00bb\u00bb custom_margin_phone=\u00bb10px||10px|3px|false|false\u00bb custom_margin_last_edited=\u00bbon|phone\u00bb global_colors_info=\u00bb{}\u00bb][\/et_pb_blurb][et_pb_blurb title=\u00bb620 070 182&#8243; use_icon=\u00bbon\u00bb font_icon=\u00bb&#xe090;||divi||400&#8243; icon_color=\u00bb#FFFFFF\u00bb icon_placement=\u00bbleft\u00bb image_icon_width=\u00bb20px\u00bb _builder_version=\u00bb4.25.2&#8243; _module_preset=\u00bbdefault\u00bb header_font=\u00bb|300|||||||\u00bb header_text_color=\u00bb#FFFFFF\u00bb header_font_size=\u00bb16px\u00bb custom_margin=\u00bb|||0px|false|false\u00bb global_colors_info=\u00bb{}\u00bb][\/et_pb_blurb][\/et_pb_column][et_pb_column type=\u00bb1_5&#8243; _builder_version=\u00bb4.19.1&#8243; _module_preset=\u00bbdefault\u00bb global_colors_info=\u00bb{}\u00bb][et_pb_image src=\u00bbhttps:\/\/arquitectospain.com\/wp-content\/uploads\/2024\/02\/ES-Financiado-por-la-Uni\u0e02n-Europea_WHITE-Outline.png\u00bb title_text=\u00bbES Financiado por la Uni\u0e02n Europea_WHITE Outline\u00bb force_fullwidth=\u00bbon\u00bb _builder_version=\u00bb4.25.2&#8243; _module_preset=\u00bbdefault\u00bb custom_margin=\u00bb||20px|||\u00bb global_colors_info=\u00bb{}\u00bb][\/et_pb_image][et_pb_image src=\u00bbhttps:\/\/arquitectospain.com\/wp-content\/uploads\/2024\/02\/LOGO-NEGATIVO.png\u00bb title_text=\u00bbLOGO NEGATIVO\u00bb force_fullwidth=\u00bbon\u00bb _builder_version=\u00bb4.25.2&#8243; _module_preset=\u00bbdefault\u00bb global_colors_info=\u00bb{}\u00bb][\/et_pb_image][\/et_pb_column][\/et_pb_row][\/et_pb_section]\n","protected":false},"excerpt":{"rendered":"<p>A lo largo de mi carrera, he tenido el privilegio de ense\u00f1ar en dos de las instituciones m\u00e1s prestigiosas en el \u00e1mbito de la arquitectura: el New York Institute of Technology (NYIT)\u00a0y el Dublin Institute of Technology (DIT). Ambas escuelas son reconocidas por sus enfoques \u00fanicos y vanguardistas, pero operan en contextos acad\u00e9micos y geogr\u00e1ficos [&hellip;]<\/p>\n","protected":false},"author":1,"featured_media":0,"parent":0,"menu_order":0,"comment_status":"closed","ping_status":"closed","template":"","meta":{"_et_pb_use_builder":"on","_et_pb_old_content":"","_et_gb_content_width":"","footnotes":""},"class_list":["post-1456","page","type-page","status-publish","hentry"],"yoast_head":"<!-- This site is optimized with the Yoast SEO plugin v27.4 - https:\/\/yoast.com\/product\/yoast-seo-wordpress\/ -->\n<title>Experiencia Acad\u00e9mica Internacional Arquitectura | Ra\u00fal G Salgado<\/title>\n<meta name=\"description\" content=\"Experiencia Acad\u00e9mica Internacional en Arquitectura de Ra\u00fal Guti\u00e9rrez Salgado, Arquitecto Spain, una trayectoria avalada por grandes logros.\" \/>\n<meta name=\"robots\" content=\"index, follow, max-snippet:-1, max-image-preview:large, max-video-preview:-1\" \/>\n<link rel=\"canonical\" href=\"https:\/\/arquitectospain.com\/index.php\/experiencia-docente\/\" \/>\n<meta property=\"og:locale\" content=\"es_ES\" \/>\n<meta property=\"og:type\" content=\"article\" \/>\n<meta property=\"og:title\" content=\"Experiencia Acad\u00e9mica Internacional Arquitectura | Ra\u00fal G Salgado\" \/>\n<meta property=\"og:description\" content=\"Experiencia Acad\u00e9mica Internacional en Arquitectura de Ra\u00fal Guti\u00e9rrez Salgado, Arquitecto Spain, una trayectoria avalada por grandes logros.\" \/>\n<meta property=\"og:url\" content=\"https:\/\/arquitectospain.com\/index.php\/experiencia-docente\/\" \/>\n<meta property=\"og:site_name\" content=\"Arquitecto Spain\" \/>\n<meta property=\"article:modified_time\" content=\"2025-05-13T12:03:25+00:00\" \/>\n<meta name=\"twitter:card\" content=\"summary_large_image\" \/>\n<meta name=\"twitter:label1\" content=\"Tiempo de lectura\" \/>\n\t<meta name=\"twitter:data1\" content=\"4 minutos\" \/>\n<script type=\"application\/ld+json\" class=\"yoast-schema-graph\">{\"@context\":\"https:\\\/\\\/schema.org\",\"@graph\":[{\"@type\":\"WebPage\",\"@id\":\"https:\\\/\\\/arquitectospain.com\\\/index.php\\\/experiencia-docente\\\/\",\"url\":\"https:\\\/\\\/arquitectospain.com\\\/index.php\\\/experiencia-docente\\\/\",\"name\":\"Experiencia Acad\u00e9mica Internacional Arquitectura | Ra\u00fal G Salgado\",\"isPartOf\":{\"@id\":\"https:\\\/\\\/arquitectospain.com\\\/#website\"},\"datePublished\":\"2024-10-07T09:41:04+00:00\",\"dateModified\":\"2025-05-13T12:03:25+00:00\",\"description\":\"Experiencia Acad\u00e9mica Internacional en Arquitectura de Ra\u00fal Guti\u00e9rrez Salgado, Arquitecto Spain, una trayectoria avalada por grandes logros.\",\"breadcrumb\":{\"@id\":\"https:\\\/\\\/arquitectospain.com\\\/index.php\\\/experiencia-docente\\\/#breadcrumb\"},\"inLanguage\":\"es\",\"potentialAction\":[{\"@type\":\"ReadAction\",\"target\":[\"https:\\\/\\\/arquitectospain.com\\\/index.php\\\/experiencia-docente\\\/\"]}]},{\"@type\":\"BreadcrumbList\",\"@id\":\"https:\\\/\\\/arquitectospain.com\\\/index.php\\\/experiencia-docente\\\/#breadcrumb\",\"itemListElement\":[{\"@type\":\"ListItem\",\"position\":1,\"name\":\"Portada\",\"item\":\"https:\\\/\\\/arquitectospain.com\\\/\"},{\"@type\":\"ListItem\",\"position\":2,\"name\":\"Experiencia Docente\"}]},{\"@type\":\"WebSite\",\"@id\":\"https:\\\/\\\/arquitectospain.com\\\/#website\",\"url\":\"https:\\\/\\\/arquitectospain.com\\\/\",\"name\":\"Arquitecto Spain\",\"description\":\"Arquitecto Ra\u00fal G. Salgado\",\"potentialAction\":[{\"@type\":\"SearchAction\",\"target\":{\"@type\":\"EntryPoint\",\"urlTemplate\":\"https:\\\/\\\/arquitectospain.com\\\/?s={search_term_string}\"},\"query-input\":{\"@type\":\"PropertyValueSpecification\",\"valueRequired\":true,\"valueName\":\"search_term_string\"}}],\"inLanguage\":\"es\"}]}<\/script>\n<!-- \/ Yoast SEO plugin. -->","yoast_head_json":{"title":"Experiencia Acad\u00e9mica Internacional Arquitectura | Ra\u00fal G Salgado","description":"Experiencia Acad\u00e9mica Internacional en Arquitectura de Ra\u00fal Guti\u00e9rrez Salgado, Arquitecto Spain, una trayectoria avalada por grandes logros.","robots":{"index":"index","follow":"follow","max-snippet":"max-snippet:-1","max-image-preview":"max-image-preview:large","max-video-preview":"max-video-preview:-1"},"canonical":"https:\/\/arquitectospain.com\/index.php\/experiencia-docente\/","og_locale":"es_ES","og_type":"article","og_title":"Experiencia Acad\u00e9mica Internacional Arquitectura | Ra\u00fal G Salgado","og_description":"Experiencia Acad\u00e9mica Internacional en Arquitectura de Ra\u00fal Guti\u00e9rrez Salgado, Arquitecto Spain, una trayectoria avalada por grandes logros.","og_url":"https:\/\/arquitectospain.com\/index.php\/experiencia-docente\/","og_site_name":"Arquitecto Spain","article_modified_time":"2025-05-13T12:03:25+00:00","twitter_card":"summary_large_image","twitter_misc":{"Tiempo de lectura":"4 minutos"},"schema":{"@context":"https:\/\/schema.org","@graph":[{"@type":"WebPage","@id":"https:\/\/arquitectospain.com\/index.php\/experiencia-docente\/","url":"https:\/\/arquitectospain.com\/index.php\/experiencia-docente\/","name":"Experiencia Acad\u00e9mica Internacional Arquitectura | Ra\u00fal G Salgado","isPartOf":{"@id":"https:\/\/arquitectospain.com\/#website"},"datePublished":"2024-10-07T09:41:04+00:00","dateModified":"2025-05-13T12:03:25+00:00","description":"Experiencia Acad\u00e9mica Internacional en Arquitectura de Ra\u00fal Guti\u00e9rrez Salgado, Arquitecto Spain, una trayectoria avalada por grandes logros.","breadcrumb":{"@id":"https:\/\/arquitectospain.com\/index.php\/experiencia-docente\/#breadcrumb"},"inLanguage":"es","potentialAction":[{"@type":"ReadAction","target":["https:\/\/arquitectospain.com\/index.php\/experiencia-docente\/"]}]},{"@type":"BreadcrumbList","@id":"https:\/\/arquitectospain.com\/index.php\/experiencia-docente\/#breadcrumb","itemListElement":[{"@type":"ListItem","position":1,"name":"Portada","item":"https:\/\/arquitectospain.com\/"},{"@type":"ListItem","position":2,"name":"Experiencia Docente"}]},{"@type":"WebSite","@id":"https:\/\/arquitectospain.com\/#website","url":"https:\/\/arquitectospain.com\/","name":"Arquitecto Spain","description":"Arquitecto Ra\u00fal G. Salgado","potentialAction":[{"@type":"SearchAction","target":{"@type":"EntryPoint","urlTemplate":"https:\/\/arquitectospain.com\/?s={search_term_string}"},"query-input":{"@type":"PropertyValueSpecification","valueRequired":true,"valueName":"search_term_string"}}],"inLanguage":"es"}]}},"_links":{"self":[{"href":"https:\/\/arquitectospain.com\/index.php\/wp-json\/wp\/v2\/pages\/1456","targetHints":{"allow":["GET"]}}],"collection":[{"href":"https:\/\/arquitectospain.com\/index.php\/wp-json\/wp\/v2\/pages"}],"about":[{"href":"https:\/\/arquitectospain.com\/index.php\/wp-json\/wp\/v2\/types\/page"}],"author":[{"embeddable":true,"href":"https:\/\/arquitectospain.com\/index.php\/wp-json\/wp\/v2\/users\/1"}],"replies":[{"embeddable":true,"href":"https:\/\/arquitectospain.com\/index.php\/wp-json\/wp\/v2\/comments?post=1456"}],"version-history":[{"count":9,"href":"https:\/\/arquitectospain.com\/index.php\/wp-json\/wp\/v2\/pages\/1456\/revisions"}],"predecessor-version":[{"id":1979,"href":"https:\/\/arquitectospain.com\/index.php\/wp-json\/wp\/v2\/pages\/1456\/revisions\/1979"}],"wp:attachment":[{"href":"https:\/\/arquitectospain.com\/index.php\/wp-json\/wp\/v2\/media?parent=1456"}],"curies":[{"name":"wp","href":"https:\/\/api.w.org\/{rel}","templated":true}]}}